639
List the prime factors of 1783058545.
5, 101, 3530809
What are the prime factors of 479410994?
2, 109, 2199133
What are the prime factors of 79556537?
67, 1187411
What are the prime factors of 44916278?
2, 11, 17, 120097
What are the prime factors of 235361536?
2, 919381
What are the prime factors of 56990165?
5, 59, 61, 3167
List the prime factors of 2212554354.
2, 3, 5039, 73181
What are the prime factors of 57523803?
3, 131, 197, 743
List the prime factors of 3123759065.
5, 7, 61, 197, 1061
List the prime factors of 375775957.
701, 536057
List the prime factors of 5431480147.
31, 173, 1012769
List the prime factors of 96125771.
7, 41, 67, 4999
List the prime factors of 4527515235.
3, 5, 29, 131, 79451
What are the prime factors of 69814585?
5, 43, 443, 733
What are the prime factors of 666108734?
2, 601, 554167
What are the prime factors of 13465412?
2, 1051, 3203
List the prime factors of 2092546687.
7, 11, 59, 460609
List the prime factors of 702049763.
47, 14937229
List the prime factors of 598034619.
3, 7, 13, 17, 42953
What are the prime factors of 1135563089?
83, 13681483
What are the prime factors of 5429343?
3, 37, 41, 1193
What are the prime factors of 1630682051?
1630682051
List the prime factors of 145845146.
2, 72922573
List the prime factors of 45198015.
3, 5, 1321, 2281
List the prime factors of 788451550.
2, 5, 19, 829949
What are the prime factors of 27591443?
11, 2508313
What are the prime factors of 646510434?
2, 3, 107751739
List the prime factors of 28077684.
2, 3, 29, 80683
What are the prime factors of 308141246?
2, 7, 22010089
What are the prime factors of 91379038?
2, 997, 45827
List the prime factors of 47670088.
2, 19, 313619
What are the prime factors of 4964067718?
2, 19, 130633361
List the prime factors of 106602642.
2, 3, 401, 547
List the prime factors of 100497105.
3, 5, 248141
What are the prime factors of 39506611?
39506611
List the prime factors of 3317408.
2, 103669
What are the prime factors of 72337460?
2, 5, 13, 61, 4561
List the prime factors of 107868641.
107868641
List the prime factors of 77847181.
47, 1656323
What are the prime factors of 513510903?
3, 23, 2480729
What are the prime factors of 597711019?
597711019
List the prime factors of 79804040.
2, 5, 41, 48661
What are the prime factors of 18932937?
3, 37, 281, 607
What are the prime factors of 35521765?
5, 7104353
What are the prime factors of 451533669?
3, 43, 3500261
What are the prime factors of 688944110?
2, 5, 107, 643873
List the prime factors of 87488801.
67, 1305803
List the prime factors of 255752036.
2, 63938009
List the prime factors of 5464986.
2, 3, 271, 3361
List the prime factors of 1610851587.
3, 67, 131, 467
What are the prime factors of 147496223?
7, 233, 12919
What are the prime factors of 773209645?
5, 13, 915041
List the prime factors of 78777885.
3, 5, 5251859
What are the prime factors of 266490049?
7, 43, 593, 1493
What are the prime factors of 4106861546?
2, 37, 55498129
What are the prime factors of 4724743?
89, 53087
List the prime factors of 1454160565.
5, 11, 13, 2033791
What are the prime factors of 2975679?
3, 7, 149, 317
What are the prime factors of 1531654620?
2, 3, 5, 131, 194867
What are the prime factors of 181981754?
2, 53, 113, 15193
List the prime factors of 343954116.
2, 3, 11, 281
List the prime factors of 1988500985.
5, 439, 905923
List the prime factors of 961275480.
2, 3, 5, 11, 353, 2063
What are the prime factors of 790753108?
2, 157, 281, 4481
List the prime factors of 105568972.
2, 26392243
What are the prime factors of 170156600?
2, 5, 157, 5419
What are the prime factors of 957890470?
2, 5, 1277, 75011
List the prime factors of 35470382.
2, 83, 157, 1361
What are the prime factors of 4915477915?
5, 59, 16662637
List the prime factors of 53194566.
2, 3, 19, 466619
What are the prime factors of 500982685?
5, 7, 29, 493579
What are the prime factors of 918083643?
3, 306027881
List the prime factors of 6301123431.
3, 149, 227, 62099
List the prime factors of 2497132455.
3, 5, 166475497
What are the prime factors of 2221982336?
2, 7, 317, 7823
What are the prime factors of 6305141054?
2, 3152570527
What are the prime factors of 3714013?
3714013
List the prime factors of 123664100.
2, 5, 7, 23, 7681
List the prime factors of 38958358.
2, 373, 52223
List the prime factors of 73856032.
2, 2308001
List the prime factors of 146328804.
2, 3, 19, 31, 67, 103
What are the prime factors of 269282786?
2, 134641393
List the prime factors of 388020569.
388020569
What are the prime factors of 31157154?
2, 3, 7, 247279
List the prime factors of 37851610.
2, 5, 19, 41, 43, 113
What are the prime factors of 5752289609?
11, 17, 30760907
List the prime factors of 136880475.
3, 5, 23, 73, 1087
List the prime factors of 2948099690.
2, 5, 29, 31, 37, 8863
List the prime factors of 1772260167.
3, 79, 457, 16363
List the prime factors of 349769496.
2, 3, 3319, 4391
List the prime factors of 2304259098.
2, 3, 384043183
What are the prime factors of 14919338?
2, 7, 1065667
What are the prime factors of 14367583?
14367583
What are the prime factors of 302991766?
2, 7, 11, 1967479
What are the prime factors of 410850065?
5, 233, 352661
What are the prime factors of 1964438210?
2, 5, 7, 1567, 17909
What are the prime factors of 208990223?
13, 113, 1259
What are the prime factors of 4766618062?
2, 2383309031
List the prime factors of 402631680.
2, 3, 5, 11, 2383
List the prime factors of 144470363.
179, 807097
What are the prime factors of 5149319650?
2, 5, 102986393
List the prime factors of 35478323.
317, 111919
List the prime factors of 1638907487.
7, 59, 3968299
List the prime factors of 187029599.
61, 797, 3847
What are the prime factors of 129139458?
2, 3, 7, 199, 15451
What are the prime factors of 642866556?
2, 3, 61, 593, 1481
List the prime factors of 60639045.
3, 5, 4042603
List the prime factors of 1697932947.
3, 565977649
What are the prime factors of 1300591070?
2, 5, 37, 95003
What are the prime factors of 34779145?
5, 991, 7019
List the prime factors of 68002712.
2, 73, 116443
List the prime factors of 8462507.
467, 18121
List the prime factors of 2519918951.
11, 1213, 188857
List the prime factors of 3917246425.
5, 37, 4234861
List the prime factors of 99645744.
2, 3, 11, 41, 4603
What are the prime factors of 49746188?
2, 12436547
What are the prime factors of 44449043?
41, 73, 14851
List the prime factors of 602717155.
5, 59, 2043109
List the prime factors of 8206027876.
2, 19, 67, 1611553
List the prime factors of 4331346772.
2, 53, 157, 179, 727
List the prime factors of 102232089.
3, 1429, 7949
List the prime factors of 27975912.
2, 3, 23, 59, 859
List the prime factors of 91005782.
2, 7, 19, 359, 953
List the prime factors of 643027677.
3, 214342559
List the prime factors of 2357820009.
3, 59, 6091
What are the prime factors of 2053081456?
2, 37, 1459, 2377
What are the prime factors of 4269055670?
2, 5, 11, 577, 67261
What are the prime factors of 190137680?
2, 5, 2376721
List the prime factors of 387268533.
3, 1163, 4111
List the prime factors of 946375222.
2, 13, 59, 616933
List the prime factors of 4409936.
2, 17, 31, 523
What are the prime factors of 40971638?
2, 19, 739, 1459
List the prime factors of 146677929.
3, 19, 47, 54751
List the prime factors of 350387259.
3, 6359, 18367
What are the prime factors of 2742434889?
3, 61, 14985983
List the prime factors of 104716597.
104716597
What are the prime factors of 8014069680?
2, 3, 5, 79, 191, 2213
What are the prime factors of 67891506?
2, 3, 17, 665603
What are the prime factors of 615467031?
3, 17, 41, 294341
What are the prime factors of 321085217?
71, 4522327
List the prime factors of 1650562864.
2, 97, 563, 1889
What are the prime factors of 2275972773?
3, 758657591
List the prime factors of 70044682.
2, 59, 10061
What are the prime factors of 1090261667?
11, 19, 97, 4889
What are the prime factors of 280216964?
2, 83, 10169
What are the prime factors of 1226014717?
1226014717
List the prime factors of 4246447206.
2, 3, 29, 24404869
List the prime factors of 112330075.
5, 11, 13, 2417
List the prime factors of 8629515.
3, 5, 19, 10093
What are the prime factors of 4218792659?
137, 30794107
What are the prime factors of 430387186?
2, 